 of 11498940?
True
Is 45 a factor of 50099989?
False
Is 752 a factor of 31389549?
False
Does 2390 divide 1192671712?
False
Does 269 divide 126211832?
False
Is 314 a factor of 365522690?
True
Is 31 a factor of 663772?
True
Is 80155791 a multiple of 10103?
False
Does 355 divide 92202604?
False
Is 12 a factor of 619614924?
True
Does 33 divide 634885944?
True
Does 22 divide 22172615?
False
Does 325 divide 331805175?
True
Is 6 a factor of 6664266?
True
Is 92 a factor of 1647214661?
False
Does 1674 divide 11104619?
False
Is 44382155 a multiple of 524?
False
Does 33 divide 178727340?
True
Is 41346450 a multiple of 82?
True
Does 253 divide 21924221?
True
Is 1284444 a multiple of 756?
True
Is 1017552204 a multiple of 68?
True
Does 736 divide 55652376?
False
Does 25 divide 34575884?
False
Does 1544 divide 1527561032?
True
Does 66 divide 90680040?
True
Does 1496 divide 539503976?
True
Does 16 divide 31167409?
False
Is 5 a factor of 1966983269?
False
Is 20571442 a multiple of 31?
False
Does 216 divide 25346952?
True
Does 109 divide 86958347?
True
Is 524685856 a multiple of 4188?
False
Is 8759025 a multiple of 33?
True
Is 1486406094 a multiple of 6?
True
Is 364 a factor of 51837240?
True
Is 1071851595 a multiple of 16?
False
Does 314 divide 74523135?
False
Is 54253860 a multiple of 6?
True
Does 27 divide 63047939?
False
Does 295 divide 2269510569?
False
Is 3299 a factor of 438168848?
False
Is 1164 a factor of 560470140?
False
Is 315696381 a multiple of 19?
True
Does 142 divide 476854886?
True
Is 15 a factor of 42972034?
False
Is 11 a factor of 252892772?
True
Does 12 divide 991509612?
True
Is 3 a factor of 10862721?
True
Does 4 divide 7879683?
False
Does 69 divide 1259219034?
False
Does 30 divide 2586859?
False
Is 5044631 a multiple of 39?
False
Does 25 divide 56784783?
False
Is 2268 a factor of 1164026052?
True
Is 8 a factor of 2772787?
False
Does 69 divide 66517380?
True
Is 935 a factor of 64743140?
True
Is 273089076 a multiple of 4?
True
Is 14 a factor of 154583129?
False
Does 70 divide 241519460?
True
Is 4615 a factor of 5463140085?
True
Does 106 divide 109101397?
False
Does 8604 divide 2806693632?
True
Does 381 divide 122515487?
False
Is 474402372 a multiple of 409?
True
Does 128 divide 1993876480?
True
Is 1739325920 a multiple of 1205?
True
Is 445 a factor of 1685073935?
True
Is 5 a factor of 1353084735?
True
Is 19 a factor of 58971250?
True
Is 5508330 a multiple of 330?
False
Is 12 a factor of 87299711?
False
Is 22 a factor of 85214910?
True
Is 1987 a factor of 111279948?
True
Does 285 divide 62331780?
True
Is 40 a factor of 28612480?
True
Does 1262 divide 370246822?
True
Does 2 divide 3371905?
False
Does 4 divide 4255696?
True
Is 10 a factor of 7494638?
False
Is 39 a factor of 1135488352?
False
Does 302 divide 9057379?
False
Is 6507216 a multiple of 144?
True
Does 94 divide 1059741054?
True
Does 2 divide 749254067?
False
Does 204 divide 115122096?
True
Is 3419568 a multiple of 7?
False
Does 474 divide 39365642?
False
Is 771606984 a multiple of 1704?
True
Does 2 divide 39592948?
True
Is 175179786 a multiple of 654?
True
Does 7 divide 264875450?
True
Is 263678493 a multiple of 745?
False
Is 947345512 a multiple of 1996?
True
Is 2703 a factor of 1189310930?
False
Is 1505307658 a multiple of 109?
True
Is 557 a factor of 50770307?
False
Does 1228 divide 15642356?
False
Is 28 a factor of 81008554?
False
Is 497511963 a multiple of 141?
False
Does 103 divide 51437330?
False
Is 1675 a factor of 147000404?
False
Does 138 divide 231949054?
False
Is 10 a factor of 4043226059?
False
Does 14 divide 72754772?
False
Does 19 divide 53855747?
True
Is 5 a factor of 1135265?
True
Is 2444 a factor of 181545208?
True
Is 393 a factor of 99697812?
True
Is 260870585 a multiple of 3662?
False
Is 1147451696 a multiple of 106?
True
Is 1315558854 a multiple of 1179?
True
Does 237 divide 374244819?
False
Is 7021882 a multiple of 14?
True
Is 401671967 a multiple of 2190?
False
Is 32598400 a multiple of 128?
True
Does 3 divide 151493?
False
Is 29 a factor of 1106632504?
False
Does 68 divide 63623248?
True
Does 8 divide 156732956?
False
Does 9495 divide 28466010?
True
Is 398437128 a multiple of 426?
False
Is 18 a factor of 12385775?
False
Is 7226246052 a multiple of 778?
True
Does 455 divide 82710976?
False
Is 191 a factor of 423008042?
False
Does 95 divide 364077227?
False
Is 451808280 a multiple of 231?
True
Does 12 divide 439991760?
True
Does 26 divide 9861505?
False
Is 10575216 a multiple of 72?
True
Is 7 a factor of 1065421593?
False
Does 11 divide 98730159?
True
Does 72 divide 24192432?
True
Does 489 divide 159071058?
False
Does 46 divide 28528850?
False
Is 32169280 a multiple of 687?
False
Is 29779657 a multiple of 571?
False
Does 11 divide 45900252?
False
Is 44 a factor of 234137905?
False
Is 8168070 a multiple of 36?
False
Is 44 a factor of 4024126?
False
Is 18 a factor of 198580330?
False
Is 16 a factor of 48840801?
False
Is 2768778684 a multiple of 14?
True
Is 271722502 a multiple of 62?
True
Is 297 a factor of 4849572?
False
Does 82 divide 15218708?
True
Is 180956084 a multiple of 339?
False
Is 43908300 a multiple of 36?
True
Is 52412673 a multiple of 8?
False
Is 483685359 a multiple of 2592?
False
Does 32 divide 32327346?
False
Is 2541292 a multiple of 13?
True
Is 219 a factor of 61408695?
True
Is 227 a factor of 64723829?
True
Is 1193123042 a multiple of 292?
False
Is 22 a factor of 2538144444?
True
Does 13478 divide 4179649102?
True
Is 9796160 a multiple of 220?
True
Is 1228 a factor of 113130562?
False
Is 11904840 a multiple of 180?
True
Is 665426340 a multiple of 15?
True
Is 55658474 a multiple of 1713?
False
Is 637925363 a multiple of 45?
False
Is 169 a factor of 727125261?
False
Is 1345 a factor of 11991716?
False
Is 106 a factor of 396100906?
True
Is 1115418759 a multiple of 91?
True
Is 42110204 a multiple of 792?
False
Does 226 divide 16236518?
True
Does 5610 divide 21183360?
True
Is 1823 a factor of 674637610?
True
Is 1234 a factor of 62861194?
True
Is 234176517 a multiple of 1432?
False
Does 12 divide 1991796?
True
Does 352 divide 926054146?
False
Is 153 a factor of 28313722?
False
Is 540092672 a multiple of 112?
True
Is 5312790 a multiple of 7?
True
Does 46 divide 49039012?
False
Is 28 a factor of 824376483?
False
Is 17935010 a multiple of 370?
True
Is 20 a factor of 28197365?
False
Does 2075 divide 561202425?
True
Is 24 a factor of 29319360?
True
Is 96927778 a multiple of 811?
False
Is 3205033584 a multiple of 6?
True
Does 685 divide 508673888?
False
Does 213 divide 89738156?
False
Is 65 a factor of 465095033?
False
Does 299 divide 3958162?
True
Is 482267461 a multiple of 41?
True
Is 43777464 a multiple of 138?
True
Is 433204680 a multiple of 1259?
False
Is 2 a factor of 104771121?
False
Is 271 a factor of 2533850?
True
Is 705 a factor of 252752370?
True
Does 13 divide 230516?
True
Is 2446 a factor of 927844542?
False
Does 6 divide 194494967?
False
Is 28126593 a multiple of 33?
True
Does 52 divide 545217265?
False
Is 18240350 a multiple of 607?
True
Does 1545 divide 83238607?
False
Does 1475 divide 217620025?
True
Is 1410359104 a multiple of 2464?
True
Does 309 divide 21935392?
False
Is 214 a factor of 19163058?
True
Is 36909104 a multiple of 8?
True
Is 167178492 a multiple of 4446?
True
Does 17 divide 2654397102?
True
Is 516 a factor of 72750520?
False
Does 234 divide 163232550?
True
Is 2539 a factor of 2333957977?
True
Is 18 a factor of 27531360?
True
Is 12 a factor of 12941244?
True
Does 406 divide 53573443?
False
Is 640219006 a multiple of 24?
False
Is 1072 a factor of 3034472478?
False
Is 1104 a factor of 15349125?
False
Is 72975464 a multiple of 59?
False
Does 3132 divide 61330824?
True
Is 87780278 a multiple of 55?
False
Is 13548901 a multiple of 53?
False
Is 69 a factor of 3316288?
False
Is 1730572880 a multiple of 524?
True
Is 9 a factor of 83020131?
True
Does 145 divide 7908607?
False
Is 251279556 a multiple of 3815?
False
Does 8 divide 4552780?
False
Does 24 divide 1039671240?
True
Is 605630998 a multiple of 14?
True
Is 33 a factor of 344747149?
False
Does 14 divide 1950549134?
False
Does 154 divide 27444225?
False
Does 2772 divide 48136610?
False
Is 1599 a factor of 6042621?
True
Is 34570258 even?
True
Is 1440961157 a multiple of 99?
False